11, 157
List the prime factors of 48008.
2, 17, 353
What are the prime factors of 198771?
3, 59, 1123
List the prime factors of 16328.
2, 13, 157
List the prime factors of 3807.
3, 47
List the prime factors of 15.
3, 5
List the prime factors of 198.
2, 3, 11
What are the prime factors of 6241?
79
What are the prime factors of 1477?
7, 211
What are the prime factors of 6457?
11, 587
List the prime factors of 275.
5, 11
List the prime factors of 4040.
2, 5, 101
List the prime factors of 1525.
5, 61
What are the prime factors of 21281?
13, 1637
What are the prime factors of 11087?
11087
List the prime factors of 141.
3, 47
List the prime factors of 629.
17, 37
What are the prime factors of 693?
3, 7, 11
What are the prime factors of 31576?
2, 3947
List the prime factors of 288.
2, 3
List the prime factors of 499.
499
What are the prime factors of 55771?
43, 1297
What are the prime factors of 1604?
2, 401
What are the prime factors of 54807?
3, 18269
What are the prime factors of 11886?
2, 3, 7, 283
List the prime factors of 4395.
3, 5, 293
What are the prime factors of 9754?
2, 4877
What are the prime factors of 4446?
2, 3, 13, 19
List the prime factors of 10754.
2, 19, 283
List the prime factors of 78.
2, 3, 13
What are the prime factors of 117?
3, 13
What are the prime factors of 34369?
34369
What are the prime factors of 2325?
3, 5, 31
What are the prime factors of 105132?
2, 3, 8761
What are the prime factors of 40594?
2, 20297
What are the prime factors of 139125?
3, 5, 7, 53
What are the prime factors of 7304?
2, 11, 83
What are the prime factors of 14952?
2, 3, 7, 89
What are the prime factors of 7597?
71, 107
List the prime factors of 4070.
2, 5, 11, 37
List the prime factors of 30.
2, 3, 5
What are the prime factors of 386?
2, 193
What are the prime factors of 16739?
19, 881
What are the prime factors of 52131?
3, 17377
List the prime factors of 3445.
5, 13, 53
What are the prime factors of 538?
2, 269
What are the prime factors of 1060?
2, 5, 53
List the prime factors of 2393.
2393
List the prime factors of 22580.
2, 5, 1129
List the prime factors of 5924.
2, 1481
List the prime factors of 9975.
3, 5, 7, 19
What are the prime factors of 11086?
2, 23, 241
List the prime factors of 1459.
1459
What are the prime factors of 4217?
4217
What are the prime factors of 10990?
2, 5, 7, 157
What are the prime factors of 45?
3, 5
What are the prime factors of 15751?
19, 829
List the prime factors of 6835.
5, 1367
List the prime factors of 1389.
3, 463
List the prime factors of 166791.
3, 53, 1049
List the prime factors of 26095.
5, 17, 307
What are the prime factors of 1772?
2, 443
What are the prime factors of 11900?
2, 5, 7, 17
What are the prime factors of 43657?
149, 293
List the prime factors of 44245.
5, 8849
List the prime factors of 2153.
2153
List the prime factors of 5603.
13, 431
What are the prime factors of 66894?
2, 3, 11149
List the prime factors of 604.
2, 151
What are the prime factors of 945?
3, 5, 7
What are the prime factors of 132182?
2, 29, 43, 53
List the prime factors of 67856.
2, 4241
What are the prime factors of 785?
5, 157
What are the prime factors of 4512?
2, 3, 47
What are the prime factors of 68283?
3, 281
List the prime factors of 862.
2, 431
List the prime factors of 2305.
5, 461
List the prime factors of 8457.
3, 2819
What are the prime factors of 18614?
2, 41, 227
List the prime factors of 8143.
17, 479
What are the prime factors of 32631?
3, 73, 149
What are the prime factors of 6989?
29, 241
What are the prime factors of 3564?
2, 3, 11
What are the prime factors of 10494?
2, 3, 11, 53
What are the prime factors of 16073?
16073
List the prime factors of 61155.
3, 5, 151
List the prime factors of 12161.
12161
What are the prime factors of 8049?
3, 2683
What are the prime factors of 4426?
2, 2213
List the prime factors of 66.
2, 3, 11
What are the prime factors of 39633?
3, 11, 1201
What are the prime factors of 28985?
5, 11, 17, 31
What are the prime factors of 37276?
2, 9319
List the prime factors of 2478.
2, 3, 7, 59
List the prime factors of 226.
2, 113
What are the prime factors of 130031?
11, 11821
List the prime factors of 646.
2, 17, 19
List the prime factors of 60700.
2, 5, 607
What are the prime factors of 728?
2, 7, 13
List the prime factors of 17759.
7, 43, 59
List the prime factors of 2533.
17, 149
List the prime factors of 1835.
5, 367
List the prime factors of 6146.
2, 7, 439
What are the prime factors of 6843?
3, 2281
List the prime factors of 2654.
2, 1327
What are the prime factors of 404?
2, 101
List the prime factors of 130943.
37, 3539
What are the prime factors of 8084?
2, 43, 47
What are the prime factors of 2147?
19, 113
List the prime factors of 80131.
227, 353
List the prime factors of 311.
311
What are the prime factors of 42850?
2, 5, 857
What are the prime factors of 7003?
47, 149
List the prime factors of 2905.
5, 7, 83
What are the prime factors of 8240?
2, 5, 103
What are the prime factors of 18882?
2, 3, 1049
List the prime factors of 2412.
2, 3, 67
What are the prime factors of 2597?
7, 53
What are the prime factors of 106?
2, 53
List the prime factors of 6554.
2, 29, 113
What are the prime factors of 692?
2, 173
What are the prime factors of 19706?
2, 59, 167
What are the prime factors of 14447?
14447
List the prime factors of 18048.
2, 3, 47
What are the prime factors of 23150?
2, 5, 463
List the prime factors of 1427.
1427
List the prime factors of 3592.
2, 449
List the prime factors of 20140.
2, 5, 19, 53
What are the prime factors of 48729?
3, 37, 439
List the prime factors of 3651.
3, 1217
List the prime factors of 3627.
3, 13, 31
What are the prime factors of 6930?
2, 3, 5, 7, 11
What are the prime factors of 10359?
3, 1151
List the prime factors of 52865.
5, 97, 109
List the prime factors of 3541.
3541
What are the prime factors of 1565?
5, 313
List the prime factors of 1055.
5, 211
What are the prime factors of 3275?
5, 131
List the prime factors of 1058.
2, 23
List the prime factors of 18832.
2, 11, 107
List the prime factors of 234.
2, 3, 13
What are the prime factors of 41912?
2, 13, 31
What are the prime factors of 6281?
11, 571
List the prime factors of 2467.
2467
What are the prime factors of 1591?
37, 43
What are the prime factors of 35866?
2, 79, 227
List the prime factors of 443.
443
List the prime factors of 39450.
2, 3, 5, 263
What are the prime factors of 2545?
5, 509
What are the prime factors of 1605?
3, 5, 107
What are the prime factors of 17139?
3, 29, 197
What are the prime factors of 11245?
5, 13, 173
What are the prime factors of 1803?
3, 601
What are the prime factors of 1135?
5, 227
What are the prime factors of 111507?
3, 11, 31, 109
What are the prime factors of 9008?
2, 563
What are the prime factors of 17888?
2, 13, 43
What are the prime factors of 152029?
152029
List the prime factors of 2334.
2, 3, 389
List the prime factors of 18410.
2, 5, 7, 263
List the prime factors of 448.
2, 7
List the prime factors of 182.
2, 7, 13
What are the prime factors of 47151?
3, 13, 31
List the prime factors of 4828.
2, 17, 71
What are the prime factors of 964?
2, 241
List the prime factors of 73507.
7, 10501
What are the prime factors of 162165?
3, 5, 19, 569
What are the prime factors of 5550?
2, 3, 5, 37
What are the prime factors of 199472?
2, 7, 13, 137
What are the prime factors of 6935?
5, 19, 73
What are the prime factors of 49513?
67, 739
List the prime factors of 84999.
3, 29, 977
List the prime factors of 13464.
2, 3, 11, 17
List the prime factors of 6593.
19, 347
What are the prime factors of 8144?
2, 509
What are the prime factors of 12697?
12697
What are the prime factors of 7031?
79, 89
What are the prime factors of 8793?
3, 977
What are the prime factors of 39056?
2, 2441
What are the prime factors of 5413?
5413
What are the prime factors of 589?
19, 31
List the prime factors of 5165.
5, 1033
List the prime factors of 4639.
4639
List the prime factors of 15602.
2, 29, 269
What are the prime factors of 160005?
3, 5, 10667
List the prime factors of 1465.
5, 293
What are the prime factors of 1630?
2, 5, 163
What are the prime factors of 8873?
19, 467
What are the prime factors of 1406?
2, 19, 37
List the prime factors of 46701.
3, 5189
List the 